e d(-9). Suppose -3*u = u - 4*a - m, a + 42 = 3*u. What are the prime factors of u?
2, 7
What are the prime factors of 4/14 + 0 - 108/(-14)?
2
Suppose 0 = -0*x + 2*x. Suppose a - 1 - 3 = x. Suppose -b + a + 3 = 0. What are the prime factors of b?
7
List the prime factors of ((-645)/(1 + -4))/1.
5, 43
Let j be (-5)/(5/(-4)) - 2. Suppose 0 = j*f + 3*f - 40. What are the prime factors of f?
2
Let r be 1/(-1 + 6/5). Let f be (2 + (-28)/(-16))/(3/64). Suppose f = r*s - s. List the prime factors of s.
2, 5
Suppose 2*m - 5*a = -15, 4*a + 0*a = 5*m - 5. List the prime factors of m.
5
Suppose -2*x + 3*x = 3*g + 30, -3*g = 4*x - 90. What are the prime factors of x?
2, 3
Let d(y) = 30*y**2 + y. Let c be d(-1). Suppose -c = -2*z - 3*v - 9, z - 2*v = 17. List the prime factors of z.
13
Let y(t) = -2 + t - t - 2*t. List the prime factors of y(-6).
2, 5
Let z = -354 - -594. List the prime factors of z.
2, 3, 5
Suppose 5*q + 641 = -599. Let t be 3/1 - q/4. Suppose o - 6*o = -t. What are the prime factors of o?
13
Let w be ((-16)/(-20))/(2/(-5)). List the prime factors of w + (-4)/(-8)*66.
31
Suppose -c - 1 = 3*y, 2*y + 2*y + 2 = -c. Suppose -c*o - 12 = -6*o. List the prime factors of o.
3
Suppose 2*r + 12 = 6*r. Suppose 5*t - x - 21 = 0, t - 2*t - r*x + 1 = 0. List the prime factors of t.
2
Let n(c) = c + 6. Let h be n(-8). Let z be (-82)/(-8) - h/(-8). Suppose z = b + 4*f, -b + 4 = -3*f - 13. What are the prime factors of b?
2, 7
Let n(f) = -f**2 + 13*f + 15. List the prime factors of n(12).
3
Let h = 867 + -545. List the prime factors of h.
2, 7, 23
Suppose 0*l - 3*b = 4*l + 18, -5*l - 26 = 2*b. Let t be ((-21)/l)/((-2)/8). Let q = t + 21. What are the prime factors of q?
7
Let l = -7 - -34. List the prime factors of l.
3
Let q(i) = -2*i + 22. Let y be q(10). Suppose -6*f + 100 = -y*f. List the prime factors of f.
5
Let r(k) = -k**2 - 4*k - 1. Let z be r(-4). Let m be -2 - 2*z - -5. Suppose m*f = -2*g + 9 + 48, 4*f + 2*g = 46. List the prime factors of f.
11
Let w = 72 + -48. Suppose 2*m = w - 10. What are the prime factors of m?
7
Let k be (-7 - -3)/((-1)/3). Suppose 9*o - h - 14 = 4*o, k = 3*o + 3*h. What are the prime factors of o?
3
What are the prime factors of 116 - 12/((-9)/3)?
2, 3, 5
Let p be (-501)/(-9) - (-4)/12. Let g = p - 12. List the prime factors of g.
2, 11
Suppose -3*t = -7*t + 280. List the prime factors of t.
2, 5, 7
Let u(a) = -2*a + 19. List the prime factors of u(-11).
41
Let w(l) be the third derivative of l**4/12 - 4*l**3/3 - l**2. Suppose 5*n + 1 + 4 = 0, d = -2*n + 5. What are the prime factors of w(d)?
2, 3
Let k = -5 + 10. Suppose -2*j = -k*j + 33. What are the prime factors of j?
11
Let i be (-3 + 4)/(2/6). Suppose 14 = i*c - 22. List the prime factors of c.
2, 3
Suppose 79 = 2*s - 17. List the prime factors of s.
2, 3
Suppose 2*x + 1 = -7, -4*f + 2*x = -304. Suppose -4*j + 74 = -f. What are the prime factors of j?
37
Let h(q) = 2*q + 22. List the prime factors of h(9).
2, 5
Let i(g) = 8*g**2 - 4*g + 3. What are the prime factors of i(2)?
3
Let o = 229 - 141. List the prime factors of o.
2, 11
Let z be (-2 - 0)*-1*2. Suppose -27 = -q - o, 3*q - 64 = q - z*o. What are the prime factors of q?
2, 11
What are the prime factors of 12*(-9)/(-3) + -3?
3, 11
Suppose -467 = -5*s - 4*a, 376 = 4*s - 0*a + 2*a. List the prime factors of s.
5, 19
Let p(r) = r**3 + 5*r**2 - 5*r - 5. List the prime factors of p(-5).
2, 5
Let c = -2 - -4. Suppose -c*q + 3*q = 0. List the prime factors of -3*(14/(-6) + q).
7
Let q(z) be the third derivative of z**6/10 - z**4/24 - 2*z**2. List the prime factors of q(1).
11
Let k be (-15)/(-2 + 21/15). Suppose 62 = 4*b - 0*c - 3*c, 0 = b + 4*c - k. What are the prime factors of b?
17
List the prime factors of (-1)/(3/(-54)) - -1*3.
3, 7
Let j(o) = -16*o - 4. Let l be 3/5*(-5 - 0). List the prime factors of j(l).
2, 11
Let p(l) = 45*l + 1. Let r be p(2). Suppose -4*o - r = -3*a - 0*o, 0 = 2*a - 3*o - 62. What are the prime factors of a?
5
Let k = 335 + -217. List the prime factors of k.
2, 59
Let y be (-2*3)/((-3)/68). Suppose 182 = 5*z + i, -i - 3*i - y = -4*z. List the prime factors of z.
2, 3
Suppose -18 = -5*t + 4*c - 68, 2*c = 4*t + 40. What are the prime factors of (-4)/t + (-715)/(-25)?
29
Let g(d) = 2*d + 2*d - d + 4 - 2*d. Let h be g(0). Suppose q + h*q = 75. List the prime factors of q.
3, 5
Suppose -4*b = -2 - 14. What are the prime factors of b?
2
Suppose -130 + 22 = -2*f. List the prime factors of f.
2, 3
Let d(b) = b - 13. Let i be d(10). Let l(a) = -2*a**3 - 3*a**2 - 5*a - 3. Let m be l(i). List the prime factors of (m/(-12))/((-3)/12).
13
Let d = 75 + 58. List the prime factors of d.
7, 19
Let w(m) = -3*m + 3. Let b be w(-1). Let q = 5 - 9. What are the prime factors of b/q*(-30)/9?
5
Suppose 72 = 2*h - 0*h. What are the prime factors of h?
2, 3
Let s = -1 + 13. Let u be -14*(0 + (-2)/4). Let n = s - u. What are the prime factors of n?
5
Let n(q) = q**2 + q + 1. Let f be n(0). List the prime factors of -2*(3 - (f + 4)).
2
Let v be ((-1)/2)/(2/68). Let g = v - -25. List the prime factors of g.
2
Let t(j) = 2*j. Let a be t(1). Suppose 20 = -3*z + 8, a*o - 5*z = 58. List the prime factors of o.
19
Let b(x) = 9*x**2 - 8*x - 11. What are the prime factors of b(5)?
2, 3, 29
Suppose 2*m = -2*c + 108, -3*c = 3*m - 2*m - 158. Let x(v) = v**3 + 6*v**2 + 4*v - 3. Let z be x(-5). Suppose 2*r + z*r = c. List the prime factors of r.
13
Let y = 7 - -1. Suppose h + h = y. List the prime factors of h.
2
Suppose 3 = 5*f - 3*s, 2*s = 3*f + 4*s - 17. Suppose -d + f*d = -12. What are the prime factors of (1*-4)/(2/d)?
2, 3
Suppose -3*m + 2*m = -3. Suppose -5*x = -a - m*a - 2, -5*a + 2 = -4*x. Suppose x = 3*v - 25. List the prime factors of v.
3
Let d be (-120)/(-16)*(-16)/5. Let v be d/(-9)*6/4. Suppose -29 = -3*r - 5*h, -7*h = v*r - 2*h - 32. What are the prime factors of r?
3
What are the prime factors of -2 - -1 - (-2 + -117)?
2, 59
Let o = -422 + 783. What are the prime factors of o?
19
Suppose 0*z + 2*z - 10 = -2*c, 0 = -2*z + 2*c + 18. Suppose -r + z = 2*r - p, 0 = -p + 5. What are the prime factors of r?
2
Let z be 2/((-21)/(-15) - 1). Suppose 40 = 5*a + z*p, 5*a - p = -0*p + 28. Suppose a*f - 3*f - 18 = 0. What are the prime factors of f?
2, 3
What are the prime factors of ((-14)/3)/(10/(-465))?
7, 31
Let y(m) = 8*m + 2. Suppose -2*f = -0*f - 6. What are the prime factors of y(f)?
2, 13
Let f be 1 + 6 + 9/(-3). List the prime factors of 1/((-3)/(-60)*f).
5
Suppose -4*s + 116 = 2*v, 0 = s + 5*v - 20. What are the prime factors of s?
2, 3, 5
Let a = 2 + 26. Suppose 0 = -4*c - a - 8. What are the prime factors of (-24)/9*c/6?
2
Let q(f) = -31*f + 11. Let x be q(-8). Suppose -x = 3*y - 10*y. What are the prime factors of y?
37
Suppose -c + 49 - 15 = x, -101 = -3*x - 2*c. List the prime factors of x.
3, 11
Let i = 4 + -4. Let g be 1/((-1)/(6/(-2))). Suppose i = g*w - 33 - 21. List the prime factors of w.
2, 3
Let v(s) = 3*s**3 + 6*s**2 + 11*s - 9. What are the prime factors of v(4)?
17, 19
Suppose 7*h = 4*r + 2*h, -36 = 4*r + 4*h. Let u = -5 - r. Suppose -4*j + z + 40 = 0, z - 2 + 6 = u. List the prime factors of j.
3
Suppose 63 - 6 = 3*g. What are the prime factors of g?
19
Suppose -4*w + 50 = -2*h, -38 + 13 = -w + 3*h. Let v = 1 + w. List the prime factors of v.
11
Let a = 6 - 8. Let c be (1 - -2)/(3/a). Let v = c - -8. List the prime factors of v.
2, 3
Let f(u) = -3*u - 3. Let z be f(-8). Let y = z + -13. Let j = y + -3. What are the prime factors of j?
5
Let a(z) = -z**2 + 8*z + 13. Let j be a(9). Suppose -j*c = -2*i - 6, -c + i = 4*c - 9. What are the prime factors of c/(5/(-7) - -1)?
7
Let v(g) = g**3 - g**2 - 2*g + 2. Let s be v(2). Let o = 2 - s. Suppose -3*l - 17 = -f, 4*f + o*l = 3*l + 50. List the prime factors of f.
11
Let y = 62 - -2. List the prime factors of y.
2
Let l be (-1 + -5)/((-4)/6). Let n = 24 - l. Let r = -3 + n. What are the prime factors of r?
2, 3
Let f(w) = w - 5. Let p be f(0). Let j(q) = q**2 + q + 4. List the prime factors of j(p).
2, 3
Let c be (-9)/(-2)*(-2)/(-3). Suppose 0 = -t - 3*t + 20. Suppose -5*y = -c*p - 28, 0*y - t*y + 27 = -2*p. What are the prime factors of y?
5
Suppose 7 = 2*y - 127. What are the prime factors of y?
67
Suppose 764 = 9*u - 208. List the prime factors